d w?
4
Let k(j) = -j**3 + 4*j**2 + 4*j - 1. Let p be k(3). Let q = -42 - 2. Let h = 74 + q. Calculate the highest common divisor of h and p.
10
Let u(k) = 27*k - 5. Let x(m) = -81*m + 14. Let a(o) = -11*u(o) - 4*x(o). Let p be a(1). Calculate the greatest common factor of 39 and p.
13
Suppose 0 = 2*f - 2, 135 + 19 = s + f. Calculate the greatest common divisor of 17 and s.
17
Let p = 10 - 19. Let f be (6/p)/(2/(-3)). What is the greatest common divisor of f and 11?
1
Let g(y) be the first derivative of -y**4/4 - y**3/3 + y**2 + 3*y + 1. Let n = -49 + 46. Let c be g(n). What is the greatest common divisor of 3 and c?
3
Let o(a) = 6*a - 4. Let f be o(6). What is the greatest common factor of f and 8?
8
Let z be (27/(-18))/(70/(-32) - -2). Calculate the greatest common divisor of z and 1.
1
Suppose 5*m + 3*j = -68 + 28, -j = 5*m + 40. Let v be (-24)/(-3)*(-6)/m. What is the highest common divisor of 18 and v?
6
Let y be 3/(-5) + 12/20. Suppose 4*g - 4 = -y. What is the greatest common factor of g and 4?
1
Suppose l - 5*k + 5 + 1 = 0, 6 = 3*l - 3*k. Suppose -o - 4*w = -6*w - 18, l*w = -12. What is the greatest common divisor of o and 84?
12
Let z = 0 + 3. Suppose -2 - z = -5*s. Let v = s + 1. What is the greatest common factor of v and 5?
1
Let a(w) = -w**2 - 10*w - 2. Let f be a(-7). Suppose -475 = 6*q - 11*q. Calculate the highest common factor of q and f.
19
Suppose -7*t + 5*t + 18 = 0. Suppose -4*c - c = -25. Suppose -2*h = 2*h + 4*d - 56, c*h - 4*d = 25. What is the greatest common divisor of h and t?
9
Suppose 3*s - 8*s = -55. Let c(y) = -y**2 + 15*y - 14. Let h be c(s). What is the greatest common factor of h and 10?
10
Let v be (186/(-18) + 7)*-1*3. Let u(x) = 11*x + 4. Let d be u(6). What is the highest common factor of v and d?
10
Suppose -235 = -2*h + 25. Suppose h = 4*b - 158. What is the greatest common divisor of 9 and b?
9
Let v be (-6)/33 - 466/(-22). Let i = v + -4. What is the highest common factor of i and 119?
17
Let q = -90 - -102. What is the greatest common factor of 36 and q?
12
Let f = -17 - -54. Suppose -5*n = -2*u + 6*u, 3*n - f = 5*u. Calculate the highest common factor of 10 and n.
2
Suppose 8 = -7*y + 3*y. Let z be (-30)/(y - (-3)/6). Calculate the highest common divisor of 60 and z.
20
Suppose 3*f + 6*t - 10*t = 200, -148 = -2*f - t. Suppose 40 + 8 = 2*w. Calculate the greatest common factor of w and f.
24
Suppose -5*y + 244 = -y. Let r = -43 + y. Let j = 157 - 112. What is the greatest common divisor of r and j?
9
Let r be (7 - 5) + -2 + 35. What is the highest common factor of r and 7?
7
Suppose -8*v = -13 - 27. Calculate the highest common factor of v and 5.
5
Let x be 948/42 + 8/(-14). Calculate the highest common divisor of 44 and x.
22
Let n = 3 + 0. Suppose -2*s - 7 - n = 0, 2*i = -s - 15. Let l(g) = -g**3 - 4*g**2 + 5*g + 4. Let c be l(i). Calculate the highest common divisor of c and 12.
4
Suppose s - 2*f + 2 = -4*f, s + 4*f + 6 = 0. Suppose -3*l + 0*z = z - 32, 5*z = 4*l - 30. What is the highest common divisor of s and l?
2
Let v = -6 - -15. Let u = v + -3. Calculate the highest common divisor of u and 54.
6
Suppose 10 = t - 1. Suppose -4*c = -5*b + 122, -5*b + 172 = -c + 59. What is the highest common divisor of t and b?
11
Suppose 5*b + 140 = 5*a, -a + 2*a - 23 = -4*b. What is the greatest common divisor of a and 108?
27
Suppose 8827 + 19138 = 5*z. Let l be z/56 + 2/16. Calculate the greatest common divisor of 40 and l.
20
Suppose 73 = 2*l + 5*w, 0*l = -2*l + w + 43. What is the greatest common factor of l and 18?
6
Let l be 4*(-1 - 5*-1). Suppose -6 - 18 = -4*j + 2*q, -2*j - 5*q + 36 = 0. What is the greatest common divisor of l and j?
8
Let o = 8 - 2. Let v be 17/1 - (-4 + o). What is the highest common factor of 3 and v?
3
Suppose 4*i + 0*i = -4*s + 300, -5*i = s - 395. What is the greatest common divisor of 16 and i?
16
Let c(d) be the third derivative of -d**4/12 - d**3 + 5*d**2. Let x be c(-13). Let k be (18/(-4))/(-3)*120. Calculate the greatest common divisor of x and k.
20
Suppose m = -4*m. Suppose m*v + v - 10 = 0. Calculate the highest common factor of 30 and v.
10
Suppose 0 = -4*x + 3*t + 333, 331 = -0*x + 4*x - 5*t. Let b be 5 + -7 - 4*-4. Calculate the greatest common factor of x and b.
14
Let c be 56/(-6)*(-330)/20. Suppose 0 = 2*k - 22 - 74. Let i = -34 + k. Calculate the greatest common divisor of c and i.
14
Let z = 58 - 42. What is the highest common divisor of z and 48?
16
Suppose -8*v + 880 = -3*v. Calculate the highest common divisor of 16 and v.
16
Let y = 17 + -5. Calculate the highest common divisor of y and 12.
12
Let g = 64 + -22. What is the greatest common divisor of 28 and g?
14
Let y = 12 - 44. Let w = -17 - y. Calculate the highest common factor of 6 and w.
3
Let b be ((-2)/3)/(3/(-9)). Suppose -b*x - 16 = -2*a - 4*x, -4*x = 3*a - 21. Suppose 0 = -0*g - 4*g + 4. What is the highest common divisor of a and g?
1
Suppose i + 4*w - 60 = 0, -w + 220 = 3*i + 3*w. Calculate the highest common divisor of i and 48.
16
Let f(m) = -m**3 + 17*m**2 + 3*m - 18. Let n be f(17). What is the greatest common factor of 66 and n?
33
Let m(a) = -a**3 - 19*a**2 - 8*a + 7. Let i be m(-15). Let z = 1191 + i. What is the greatest common factor of 38 and z?
38
Let d be 3*(2 - 2 - -1). Suppose v - 108 = -2*a + 7*a, d*a = -v + 108. Let x = v + -58. Calculate the greatest common factor of x and 20.
10
Let g be (-3)/6*0/(-1). Suppose -r + 3*z + 8 = g, 4*r + 2*z + z = -13. Let t = 2 + r. Calculate the highest common factor of t and 8.
1
Let y be (-40)/3*(-18)/15. Suppose 9*t = -11 + 29. What is the greatest common divisor of t and y?
2
Let t be (-1)/((-1)/(-1)) - -22. Let d be 3 + 6*(14 + 3). What is the highest common divisor of t and d?
21
Let s be 2*2/8*6. Suppose 2*h - 10 = -s*h. Suppose 5 = -y + h*y. Calculate the greatest common factor of 15 and y.
5
Let q = -84 + 103. What is the highest common divisor of 95 and q?
19
Let q be ((-225)/(-10))/5*2. Calculate the greatest common divisor of 3 and q.
3
Let v = 11 + -8. Suppose k + 4*u = v*k - 80, -3*k - 4*u = -100. Suppose 4*j + j - 5*m - 30 = 0, -4*m = 3*j - 39. What is the highest common factor of j and k?
9
Suppose r - 4*r + 45 = 5*d, d - 3*r = 27. What is the highest common divisor of d and 72?
12
Let b(z) = 1. Let a(g) = 10*g - 6. Let p = 2 - 1. Let d(q) = p*a(q) + 6*b(q). Let f be d(3). Calculate the greatest common divisor of f and 10.
10
Suppose 10 = 6*b - b. Let w(p) = 52*p + 1. Let x be w(b). Let l(g) = g**2 - 3*g - 3. Let c be l(6). What is the highest common divisor of c and x?
15
Let y(f) = 4*f**2 + f**3 + f**3 + 3 - f**3. Let c be y(-3). Calculate the highest common factor of c and 18.
6
Let k be (-32)/(-24) + 4/(-3). Suppose 4 = -n, 3*c - 3*n + k*n - 126 = 0. What is the highest common divisor of 95 and c?
19
Let y = -35 - -42. What is the highest common factor of y and 28?
7
Suppose l + 95 = u, 5*u = -l + 4*l + 477. Suppose -3*p + 150 = 2*p - 5*m, 5*m = -2*p + 74. What is the highest common divisor of p and u?
32
Let j be ((-21)/(-6) + -3)*6. What is the greatest common factor of j and 27?
3
Let v be 3*3*(-16)/(-36). Calculate the greatest common factor of v and 44.
4
Suppose -2*i + 5*i - o = 0, o - 5 = -2*i. Calculate the highest common divisor of 5 and i.
1
Let o(l) = -35*l + 11. Let b be o(-2). Calculate the highest common divisor of b and 27.
27
Let q(l) = l**2 - 5*l + 7. Let s be q(7). Suppose -310 = -5*j - 4*w, 0 = -2*j + 5*w + 70 + s. Calculate the highest common factor of 29 and j.
29
Suppose 4*c - q = -91, 0*c - 2*q + 28 = -c. Let u = -13 - c. Let x be ((-12)/8)/(u/(-96)). What is the greatest common divisor of x and 144?
16
Suppose 2*t - 32 = -2*m - 3*m, 0 = -2*t + 4*m + 14. Calculate the greatest common divisor of t and 88.
11
Suppose f + 5*v - 226 = 0, -3*f = v + 4*v - 658. What is the highest common divisor of 24 and f?
24
Let i = 1 + -4. Let q be (-141)/3 - -1 - i. Let g = q - -68. Calculate the greatest common factor of g and 5.
5
Let u(f) = -f**3 + 21*f**2 - 38*f + 24. Let b be u(19). What is the greatest common divisor of 16 and b?
8
Suppose 0 = 4*m - 9*m + 195. What is the highest common divisor of 13 and m?
13
Let h(l) = -l**3 - 3*l - 1. Let a be h(-2). Let n be (-774)/(-10) + (-24)/(-40). Calculate the greatest